 6*h = -61344. Let u = -695 - h. What is the units digit of u?
7
Let p be (6/10)/(1 + (-8)/10). Suppose 31*l + p = 34*l. Suppose -l = -s + 45. What is the tens digit of s?
4
Let f(a) = 105*a - 956. What is the hundreds digit of f(16)?
7
Suppose 5*f + 13*m - 9*m - 204 = 0, 5*f - 198 = 2*m. Suppose -5*o + 2*q = -2056, 4*q = 5*o - 2022 - f. What is the units digit of o?
0
Suppose 4*b + 14*r - 11*r - 3733 = 0, 2*b = -2*r + 1868. Suppose 3*d - 1897 + b = 0. What is the tens digit of d?
2
Suppose -l = 2*b - 9179, -5*b - 11731 = -l - 2573. What is the units digit of l?
3
What is the ten thousands digit of 12*(46605/20 + -1)?
2
Let p = 115183 - 58184. What is the thousands digit of p?
6
Let z = 466 + -461. Suppose -z*a + 1360 = -3980. What is the tens digit of a?
6
Suppose 0 = -3*s - u + 6029, -2*s = -6*u + 9*u - 4010. Let w = s + -383. What is the units digit of w?
8
Let s(h) be the first derivative of -38*h**3/3 + 3*h**2/2 + 19*h - 16. Let g be s(7). What is the units digit of g/(-18) + 46/(-207)?
1
Let p(i) = i**3 + 40*i**2 - 62*i - 85. What is the thousands digit of p(-35)?
8
Let s(u) = -u**2 - 52*u - 88. Let t be s(-27). Let x = -335 + t. What is the tens digit of x?
5
Let o(n) = 47*n - 183. Let u(b) = b**3 + 17*b**2 + 19*b + 58. Let x be u(-16). What is the tens digit of o(x)?
8
Let y(i) = -i**3 + 9*i**2 - 11*i - 7. Let q(k) = -3*k**2 + 7*k + 4. Let z(a) = a**2. Let w(s) = q(s) + 4*z(s). Let h be w(-7). What is the tens digit of y(h)?
2
Suppose 33*i - 239007 - 604869 = 0. What is the tens digit of i?
7
What is the tens digit of (-7512 - -16)/(0 + 4/(-6))?
4
Let n = -17604 - -29312. What is the units digit of n?
8
Let o(a) = -14*a - 17*a - 13*a + 3 + 6. What is the units digit of o(-4)?
5
Let j be 110/44*12/10. Suppose -k + 785 = j*d, -354 = -3*d + 3*k + 411. What is the hundreds digit of d?
2
Let l = 25001 - 17177. What is the hundreds digit of l?
8
Let p(w) = 0 - 3*w**2 + 23*w**3 - 2*w - 2 + 11 - 56*w**3 + 261*w**3. What is the units digit of p(2)?
7
Suppose -96*x = -92*x - 16. What is the tens digit of 3486/13 - x/26?
6
Let c(g) be the first derivative of -19/2*g**2 + 19 - 9*g. What is the tens digit of c(-4)?
6
Let h be ((-2)/(-5))/((-2)/10). Let x be 28 - (-4 - 1 - h). Suppose -n + 39 + x = 0. What is the tens digit of n?
7
Let h(l) = -85810*l**3 + 4*l**2 - 10*l - 12. What is the hundreds digit of h(-1)?
8
Let w(i) = -55*i + 347. Suppose 86 - 21 = -5*k. What is the tens digit of w(k)?
6
Suppose 2*u = -2*q + 2, 4*q - 6*u - 12 = -2*u. Suppose 0 = -q*s + k + 831, -2*k = 4*s - 1307 - 375. What is the hundreds digit of s?
4
Suppose 0 = -40*s + 61*s - 877023. What is the thousands digit of s?
1
Let r(l) = -361*l - 68. What is the units digit of r(-2)?
4
Let y(h) = 180*h**2 - 64*h + 399. What is the ten thousands digit of y(10)?
1
Suppose 5*c = 3*g + 31471, -150*g - 12598 = -2*c - 152*g. What is the tens digit of c?
9
Suppose 4*g + 4*y = 5556 + 7048, 0 = -2*g + 5*y + 6295. What is the hundreds digit of g?
1
Let j be 652/4 - (0 + 3). Let o = -112 + 33. Let i = o + j. What is the units digit of i?
1
What is the units digit of 2 + (-10994)/(-3) + 4/(-6)?
6
Suppose 0*u - u - 297 = 0. Let t = u - -472. What is the tens digit of t?
7
Let g(y) = y**2 + 101*y + 50. Let a(n) = -5*n**2 - 506*n - 252. Let f(l) = -2*a(l) - 11*g(l). What is the hundreds digit of f(-19)?
4
What is the thousands digit of (-2)/43 - 1496586/(-301)?
4
Let x(z) = 427*z**2 + z. Let q be x(-1). Suppose -11*s - q = -17*s. Suppose -2*i = -3*i + s. What is the units digit of i?
1
Suppose -11*a + 5*a + 210 = 0. Suppose 6*c - c = a. Suppose -c*z + 0*z + 252 = 0. What is the units digit of z?
6
Suppose -3*c - 5387 = f, 4*c = 2*f + 2*f - 7204. What is the units digit of c/3*(16 - 17)?
9
Let g = -955 - -990. Suppose 7*u - 3*u - 760 = 0. Let p = g + u. What is the hundreds digit of p?
2
Let b(p) = -22*p**2 + 24*p + 75. Let s be b(-4). Let d be 1046/3*9/(-6). Let j = s - d. What is the units digit of j?
0
What is the units digit of (-4 - -2)*(-42)/(-12)*(3 + -6095)?
4
What is the thousands digit of (-15)/((-90)/(-556))*(-43 + 1)?
3
Let t = -15 + 17. Suppose a + 49 - 73 = 0. Let g = t + a. What is the units digit of g?
6
Let g = 0 - -4. What is the hundreds digit of g/18 - 45970/(-90)?
5
Suppose 2*r + 10 = 28. Suppose -7*q + r*q = 326. What is the hundreds digit of q?
1
Let i = 189 + -132. Suppose -u + 0*x = x - 69, 0 = -u + 2*x + i. Let j = u + -46. What is the units digit of j?
9
Let h(n) = -528*n + 9922. What is the tens digit of h(-39)?
1
Let n(f) = f + 13. Let s be n(-10). Let m(k) = k**3 - s*k**2 + k**3 - 2*k - k**3 - 8 + k**2. What is the tens digit of m(5)?
5
Let w(x) = 108*x**3 + x**2 + 13*x - 20. What is the hundreds digit of w(3)?
9
Let m = -112 + 119. Let h = 1041 - 582. Suppose m*s - 1789 = -h. What is the hundreds digit of s?
1
Suppose 3*y - 8 = -5*b - 0*y, -3*b + y + 2 = 0. What is the hundreds digit of (42/(-28))/((-2*b)/220)?
1
Let u = 16394 - -4172. What is the thousands digit of u?
0
Let h(y) = -282*y - 13565. What is the tens digit of h(-138)?
5
Let j = 241 - 258. Let w(b) = -56*b - 131. What is the hundreds digit of w(j)?
8
Let c = 23 - 75. Let q = c + 52. Suppose q*m - 1521 = -9*m. What is the hundreds digit of m?
1
Let w = -223 + 557. Let g = w - -199. What is the units digit of g?
3
Suppose 4*a + 4*i - 18 + 2 = 0, 8 = 2*a + 4*i. Suppose 0 = -a*j, -2*z + 5*z = 3*j + 2235. What is the hundreds digit of z?
7
Let o(u) = 0*u - 6 - 6*u + 39 + 4*u. Let m be o(-14). Let p = -43 + m. What is the units digit of p?
8
Suppose 24*n + 43*n - 293868 = -66604. What is the tens digit of n?
9
Let g = -20702 + 30215. What is the thousands digit of g?
9
Let n = 7528 + 35003. What is the units digit of n?
1
Suppose s - 6 = -0*s. Suppose 0 = 2*a - s*a. Suppose 9*r - 5*r - 16 = a. What is the units digit of r?
4
Let j(v) be the second derivative of 0 - 5*v + 14*v**2 - 5/6*v**3. What is the hundreds digit of j(-21)?
1
Suppose 0 = 136*f - 161*f + 69919 + 18931. What is the thousands digit of f?
3
Let k = -101 - -122. Let u be 1 - ((-6)/k + 11328/(-42)). Suppose 3*p = -a - 2*p + u, 0 = -5*a + 3*p + 1495. What is the hundreds digit of a?
2
Let j = -3033 - -14103. What is the ten thousands digit of j?
1
Suppose 0 = -2*s - 2, 4*s + 1731 = 2*n - 355. Suppose n = 5*t + h, 0*t - 2*t = 2*h - 410. Let u = t - 72. What is the units digit of u?
7
Let o(c) = -5*c**3 + c**2 - c - 1. Let z be o(1). Let v(w) = -w**2 - 7*w - 1. Let b be v(z). Suppose 10*p = b*p + 150. What is the tens digit of p?
3
What is the units digit of 1 + 9/(-21) - -60227*80/140?
6
Let q = -12274 - -18920. What is the tens digit of q?
4
Let x(b) be the second derivative of 13*b**4/12 - 13*b**3/3 + 33*b**2 + 4*b + 33. What is the hundreds digit of x(6)?
3
Let p = -79805 - -126509. What is the ten thousands digit of p?
4
Let z be (-3 + 0 + 48)*1. Let t = 45 - z. Suppose t*l + 2*l = -j + 35, 0 = -4*j - 20. What is the tens digit of l?
2
Suppose -4*i - 2094 = -0*u - 2*u, 1044 = u + i. Suppose -c + 5*y = -u, -4*y + 8*y + 16 = 0. What is the tens digit of c?
2
Suppose -651 = -117*a + 116*a. Suppose 4*t + 9 = 5*f - a, -5*t = -2*f + 247. What is the units digit of f?
6
Let h = 1363 - 311. Suppose -h = -4*z - 4*v, -5*v = -z - z + 554. What is the hundreds digit of z?
2
Let a(t) be the third derivative of t**6/120 + t**5/12 - 2*t**3 - 11*t**2. Let g be a(-4). Suppose -5*q + g*q + 137 = 0. What is the hundreds digit of q?
1
Let x be (4 - (1 - -4))*1. Let g be 2 - (-3 - (x - 2)). What is the tens digit of (-1494)/(-24) - g/8?
6
Let v = -3 - 0. Suppose -j - 3 = -8, -16 = w - 3*j. What is the tens digit of (v/6)/(w/116)?
5
Let s be (-4 - -2)*(-34)/4 + 5. Suppose 27*w - 2041 = -4*t + s*w, 0 = -t + 4*w + 484. What is the units digit of t?
4
Suppose -1496 = -17*d + 2210. Let h = d - 94. What is the units digit of h?
4
Let a be 108/16 + ((-9)/12 - 0). Suppose -2*y = 4*j + a, 5 + 5 = -2*y - 5*j. Suppose 4*c = y*c - 30. What is the units digit of c?
0
Suppose 86*z = 94*z - 5712. What is the tens digit of z?
1
Suppose -2*m + 71 = -7*m + c, 5*c - 19 = m. What is the units digit of 31089/45 - m/105?
1
Let b(h) = 35*h - 53. Suppose 2*f = -f + 3*u + 6, -5*u = -f - 18. What is the hundreds digit of b(f)?
1
Let a be ((-18)/6)/((-12)/(-112)). Let r = 24 - a. Wha